0*60/i.
45
Suppose 2*t - l = 274, -4*l + 262 = 2*t - 2*l. Let m = t - 87. Calculate the remainder when m is divided by 27.
21
Suppose -2*m = -3*n + 509, -507 - 373 = -5*n - 3*m. Calculate the remainder when n is divided by 38.
21
Let x be ((-14)/(-8) + -2)/(10/(-96520)). Suppose -7*j = 12*j - x. Calculate the remainder when j is divided by 8.
7
What is the remainder when 414 + -2 - 1*7/1 is divided by 96?
21
Suppose -7*o + 224 = 84. Suppose 3*c + 0*m - 12 = 3*m, 0 = -5*c - 3*m + o. Suppose c*w - 84 - 24 = 0. What is the remainder when w is divided by 15?
12
Suppose 0 = -2*o - 15 - 7, 1175 = 5*l - 5*o. Let n = 5 - -68. Calculate the remainder when l is divided by n.
5
Let k = -4036 + 6173. Calculate the remainder when k is divided by 126.
121
Let a be ((-82)/(-2))/((-1)/4). Let c = 401 - 397. What is the remainder when c + 24/(-4) - a is divided by 41?
39
What is the remainder when 234 is divided by 3/(-21) + 20/(-7) + 14 + 34?
9
Suppose 5*c - 1682 = 3*s + 367, 2*c - 820 = s. What is the remainder when c is divided by 35?
26
Let x = -373 + 867. What is the remainder when x is divided by 166?
162
Suppose -279644 - 758125 = -246*s + 187311. Calculate the remainder when s is divided by 17.
16
Let z = 7 - 12. Suppose -35*f + 348 = -2207. Calculate the remainder when f is divided by (-19)/(((-15)/(-6))/z).
35
Suppose 4*n - 883 = -2*k + 323, -3*n = 5*k - 3015. Let a = 920 - k. Calculate the remainder when a is divided by 10.
7
Let x = 666 + 5555. Calculate the remainder when x is divided by 16.
13
Let d(f) = -f**2 - 35*f - 221. What is the remainder when 287 is divided by d(-9)?
1
Let l = 3967 + -3576. Calculate the remainder when l is divided by 11.
6
Let j(s) = s**2 + 79*s + 694. What is the remainder when j(0) is divided by 29?
27
Let i(c) = -2*c**2 + 39*c - 13. Let l be i(19). Let j = 6 + l. What is the remainder when 18 is divided by j?
6
Let c = -4963 - -6592. Calculate the remainder when c is divided by 23.
19
Let d = -145 - -145. Suppose 4*u = 20, -4*x + d*u + 18 = 2*u. What is the remainder when x is divided by 1?
0
Let j(z) = 27*z**2 + 9*z - 7. Calculate the remainder when j(3) is divided by (5 - (-2 - -9))/((12/(-88))/3).
43
Let w(q) = -8*q + 480. Calculate the remainder when w(51) is divided by 28/21*(-39)/(-2).
20
Let f(l) = l**2 + 13*l + 51. Let w be f(-4). What is the remainder when 324 is divided by (w/(-6))/(5/(-130))?
64
Let y = -5116 - -5582. Calculate the remainder when y is divided by 6.
4
Let n(u) = -152*u + 19798. What is the remainder when 690 is divided by n(130)?
6
Let i(n) = n**2 - 10*n + 38. Let l = -372 - -381. Calculate the remainder when 100 is divided by i(l).
13
Suppose 36*m - 48*m + 209 = -103. Calculate the remainder when 199 is divided by m.
17
Let f(p) = -p**3 + 17*p**2 - 19*p + 57. Let r be f(16). Suppose -4*w - s + 197 = 0, 0 = -4*w - 5*s - r + 210. Calculate the remainder when w is divided by 18.
13
Suppose 2*h - 17*n + 19*n = 22, 3*h = -2*n + 39. What is the remainder when 698 is divided by h?
1
Let q = -472 - -495. Suppose m - 39 = -3*d, -6*m + 7*m = 5*d + q. Calculate the remainder when 1284 is divided by m.
30
Let r(m) = 83*m - 148. Calculate the remainder when r(2) is divided by 6.
0
Suppose -46 - 341 = -9*o. Let i = o - 25. Let h = i + -4. Calculate the remainder when h is divided by 11.
3
Suppose 0 = 5*k + g - 22, 4*k - 5*g = -g + 32. Suppose -k*v - 5*p = -930, 6*p - 5*p = 5*v - 948. Calculate the remainder when v is divided by 16.
13
Let o = 9656 + -9561. Calculate the remainder when o is divided by (-4)/(3 - 74/24).
47
Let k = -1333 - -2046. Let r = k + -610. What is the remainder when r is divided by 15?
13
Suppose -4*x + 3*l - 158 = -243, -7*x = -2*l - 139. What is the remainder when (-10 - -8)*(-126)/4 is divided by x?
6
Let q(f) = 6*f**2 + f**3 + 13*f**3 - 3*f**2 + 1 - 3*f. Suppose -2*p + 22 = 20*p. What is the remainder when 103 is divided by q(p)?
13
Let c = 3804 - 3548. Calculate the remainder when c is divided by 161.
95
Let z = 28892 - 28878. Calculate the remainder when 4513 is divided by z.
5
Let f = -6538 + 13800. Calculate the remainder when f is divided by 79.
73
Suppose -3*s + 295 - 41 = -n, 0 = -3*n + 3*s - 738. Let q = 337 + n. What is the remainder when q is divided by 8?
7
Let n be -1*2*((-44)/8)/(-1). Let v be 8/(-5)*(1 + n). Suppose -v*z = -13*z - 6. Calculate the remainder when 3 is divided by z.
1
Let o be (32/(-40))/(4/150). Let y = o - -30. Suppose -5*l + 12*l - 224 = y. What is the remainder when 156 is divided by l?
28
What is the remainder when 820 - (-418)/19 - 11 is divided by 213?
192
Calculate the remainder when 1503 is divided by (34/20 - (-223)/(-1115))*496/6.
15
Let m = 71320 - 71268. Let p = -302 + 872. Calculate the remainder when p is divided by m.
50
What is the remainder when 4591 is divided by 3 + (5*4/(-20))/(1/(-5))?
7
Suppose 5*i - 358 - 32 = 5*q, -2*q = 5*i - 404. Suppose 0 = r + r - 42. Calculate the remainder when i is divided by r.
17
Suppose -20*h - 2 = -21*h, -1532 = -2*o - 3*h. Calculate the remainder when o is divided by 191.
190
Let h(t) = 2*t**3 - 8*t**2 - 30*t + 121. What is the remainder when h(8) is divided by 5?
3
Suppose 691*c - 686*c = 50. What is the remainder when 630 is divided by c?
0
Let l = 441 + -168. Suppose 0 = 5*p - 713 + l. Calculate the remainder when p is divided by 23.
19
Let z = 22 - 18. Suppose -z*a + 3*a - 4 = 0. What is the remainder when 107 is divided by 582/21 - 0 - a/14?
23
Let l(f) = -f**3 + 22*f**2 + 39*f + 284. Calculate the remainder when 1356 is divided by l(24).
64
Let v = -6058 + 6265. What is the remainder when v is divided by 44?
31
Suppose z - 45 = 3*v - 0*v, 39 = -3*v + 3*z. Calculate the remainder when 452/v*-4*1 is divided by 34.
11
Let q(j) = 2*j**2 + 6*j - 12. Let u(x) = x**3 - 7*x**2 + x. Let y be u(8). Let i = y - 77. What is the remainder when 30 is divided by q(i)?
6
Let f(b) = -b**3 - 4*b**2 - 8*b - 8. Let h be f(-6). Suppose -2*s + 3*d - 182 - 6 = 0, 2*d = 4. Let q = s + h. Calculate the remainder when 81 is divided by q.
18
Suppose -7*h + 10 = -2*h. Suppose -k = h*o - 47, k + 85 = 5*o - 3*k. Suppose 4*l + 29 - 280 = r, 4*l + 4*r = 236. What is the remainder when l is divided by o?
20
Let m be (0/(-8) - 2356/(-1)) + -1. Calculate the remainder when (-5 + (-16)/(-3))/(5/m) is divided by 15.
7
Suppose 3*y - 769 = -5*m - 259, -4*y = -2*m + 230. Calculate the remainder when 1675 is divided by m.
100
Let m(v) = -v**2 + v + 56. Let c be m(-7). Let g(p) = -p**3 + 56. What is the remainder when g(c) is divided by 19?
18
Suppose 0*b + 2179 = 3*r - b, -5*r + 3625 = 5*b. Suppose 2*j + 92 - 327 = 3*z, 0 = 2*j + 4*z - 256. What is the remainder when r is divided by j?
116
Suppose 689*v = 557*v + 1320. What is the remainder when 555 is divided by v?
5
Suppose 4*s = 3*q + 28, 0*s = 3*s - 5*q - 32. Calculate the remainder when 108 is divided by s.
0
Suppose -3*j - 7 = -x - 7*j, 4*x + 3*j - 15 = 0. Suppose -2*q + 55 = -x*r, 2*r - 92 = 6*r + 2*q. Let w = r + 31. What is the remainder when 28 is divided by w?
8
Let b(z) = z**3 + 19*z**2 + 2*z + 144. What is the remainder when 1160 is divided by b(-19)?
100
What is the remainder when 953 is divided by ((-28)/16)/(((-24)/(-36))/((-32)/3))?
1
Let a be 76/13 - (6 + 160/(-26)). Suppose -a + 0 = -k. Let d = k + 10. Calculate the remainder when 41 is divided by d.
9
Let f(x) = -17 - 5*x + 3*x - 5*x. Let d(r) = -8*r - 16. Let q(t) = -2*d(t) + 3*f(t). What is the remainder when 41 is divided by q(-8)?
20
Let a(g) = -340*g**2 + 1. Let x be a(1). Let l = -308 - x. Calculate the remainder when l is divided by 31.
0
Let l(p) = -p**3 + 6*p**2 - p - 5. Let g = 321 + -184. Let n = g + -92. What is the remainder when n is divided by l(4)?
22
Let n(f) = -f**2 + 8*f + 2. Let h be n(6). Suppose -h*j + 74 = -12*j. What is the remainder when j is divided by 5?
2
Suppose -45*v = -40*v - 200. Suppose 72 = 44*g - v*g. What is the remainder when 29 is divided by g?
11
Suppose 1482 = 100*v - 43*v. Calculate the remainder when 1193 is divided by v.
23
Let v = 271 - -324. Let r = v - 302. What is the remainder when r is divided by 33?
29
Suppose -96*v - 6324 = -147*v. Calculate the remainder when v is divided by -9*(1 - (-20)/(-4)).
16
Suppose 6*k - 3 = k + c, 9 = -3*c. Suppose 2*a - 4*f = 244